b9
133424 (base 5) to base 3
21112022
212010 (base 4) to base 8
4604
Convert 3313042 (base 5) to base 8.
157670
547 (base 13) to base 6
4104
Convert 8453 (base 9) to base 15.
1c89
-3649 (base 13) to base 10
-7666
What is 3546 (base 7) in base 11?
a8a
Convert -10011110001 (base 2) to base 10.
-1265
Convert 1545 (base 8) to base 15.
3ce
Convert 4324 (base 10) to base 4.
1003210
What is -1433 (base 5) in base 2?
-11110011
Convert 312243 (base 5) to base 6.
115443
Convert 170 (base 10) to base 8.
252
Convert -135 (base 13) to base 4.
-3111
What is -808 (base 12) in base 2?
-10010001000
Convert 11331212 (base 4) to base 2.
101111101100110
What is -627 (base 16) in base 3?
-2011100
What is -2451 (base 8) in base 9?
-1727
What is -25260 (base 7) in base 10?
-6657
-64652 (base 7) to base 12
-93a5
c97a (base 16) to base 9
77668
4733 (base 12) to base 15
2559
Convert -1c8 (base 16) to base 9.
-556
What is 13b6 (base 16) in base 11?
3878
What is 8e69 (base 15) in base 11?
207aa
100212222 (base 3) to base 2
1110000101000
-1b96 (base 13) to base 9
-5653
48b (base 14) to base 13
54a
What is -19e7 (base 15) in base 5?
-134432
What is -1429 (base 16) in base 6?
-35521
Convert 152512 (base 7) to base 15.
8c37
-1001111101 (base 2) to base 7
-1600
What is 71 (base 11) in base 4?
1032
13302 (base 6) to base 15
91e
What is 1092 (base 14) in base 12?
17b4
Convert -1991 (base 13) to base 8.
-7374
Convert -4462 (base 9) to base 5.
-101141
What is -3602 (base 8) in base 5?
-30142
-7a7 (base 13) to base 12
-920
What is -1c60 (base 13) in base 11?
-3262
What is -12a (base 15) in base 9?
-324
-11101111000111 (base 2) to base 15
-4803
What is -28d (base 14) in base 2?
-1000000101
What is 1153a (base 12) in base 3?
1011212101
-341422 (base 5) to base 16
-2f50
26316 (base 8) to base 10
11470
Convert 1370 (base 8) to base 7.
2134
Convert -12322 (base 12) to base 3.
-1020210222
What is 270 (base 10) in base 8?
416
27 (base 8) to base 3
212
Convert 214 (base 8) to base 14.
a0
4cd5 (base 15) to base 3
211111102
-1011223 (base 4) to base 3
-20010011
What is -11010212 (base 3) in base 5?
-44040
11741 (base 10) to base 16
2ddd
Convert 1121200 (base 3) to base 8.
2233
Convert 6819 (base 13) to base 11.
aa33
Convert -42135 (base 7) to base 9.
-15186
Convert -1038 (base 9) to base 13.
-46a
What is -5447 (base 8) in base 5?
-42410
What is -73bf (base 16) in base 9?
-44573
What is 305112 (base 7) in base 8?
145742
What is 10b3 (base 12) in base 8?
3507
What is 1000 (base 3) in base 9?
30
Convert 1301 (base 4) to base 15.
78
What is 233505 (base 6) in base 12?
b895
What is 2a7 (base 14) in base 11?
450
e52 (base 16) to base 11
2833
Convert -44900 (base 10) to base 14.
-12512
Convert -395 (base 10) to base 16.
-18b
Convert -76a (base 15) to base 11.
-1293
4133 (base 5) to base 8
1037
What is -422 (base 15) in base 12?
-658
Convert -21415 (base 7) to base 6.
-40441
Convert 142013 (base 6) to base 4.
3101121
Convert -22212 (base 3) to base 5.
-1424
-bd5 (base 15) to base 4
-221303
What is -1123 (base 4) in base 5?
-331
Convert -217 (base 13) to base 5.
-2413
Convert -2022 (base 5) to base 7.
-523
What is -558 (base 12) in base 6?
-3352
Convert 207 (base 10) to base 13.
12c
What is 8593 (base 13) in base 3?
221102201
101110002 (base 3) to base 10
7616
-3977 (base 14) to base 2
-10011101110101
What is -435 (base 6) in base 14?
-bd
Convert -231 (base 11) to base 6.
-1140
What is 10222 (base 4) in base 9?
361
-534 (base 7) to base 9
-330
-43144 (base 5) to base 14
-10cc
-4842 (base 12) to base 8
-17662
44277 (base 10) to base 11
302a2
Convert -3021330 (base 5) to base 10.
-48340
3101 (base 10) to base 12
1965
-5ab (base 13) to base 3
-1100112
10110100 (base 3) to base 16
9d8
What is -557 (base 10) in base 5?
-4212
What is -23024 (base 5) in base 12?
-b47
Convert -9794 (base 15) to base 8.
-76531
112111 (base 3) to base 9
474
Convert 29e (base 15) to base 8.
1127
2213 (base 4) to base 8
247
Convert 222504 (base 6) to base 5.
1100020
302250 (base 6) to base 15
710c
What is -599 (base 14) in base 13?
-67a
Convert -dd6 (base 16) to base 3.
-11212012
1305a (base 11) to base 8
44413
What is 341401 (base 5) in base 16?
2f45
1395 (base 13) to base 8
5412
What is 4216 (base 12) in base 9?
10810
Convert 163 (base 13) to base 11.
208
Convert 2046 (base 10) to base 5.
31141
What is -100010101110101 (base 2) in base 4?
-10111311
What is 270 (base 12) in base 3?
111210
12999 (base 13) to base 14
c878
Convert -120741 (base 8) to base 15.
-c42b
What is 10661 (base 9) in base 13?
3304
24a (base 13) to base 7
1111
316 (base 9) to base 8
402
What is -61 (base 11) in base 14?
-4b
What is 1001111101101 (base 2) in base 13?
2425
Convert -1012020101 (base 3) to base 10.
-23500
Convert 2767 (base 10) to base 12.
1727
Convert -caa (base 13) to base 2.
-100001111000
-132b (base 15) to base 8
-7773
5b1 (base 14) to base 8
2157
What is -1110001010010 (base 2) in base 10?
-7250
What is 100111001 (base 2) in base 11?
265
-51106 (base 8) to base 16
-5246
1001010000001110 (base 2) to base 11
26527
33c (base 14) to base 7
1605
What is -12202112 (base 3) in base 11?
-3178
What is 271 (base 9) in base 15?
101
What is 2031 (base 4) in base 16?
8d
What is -326 (base 7) in base 13?
-cb
-11120002 (base 3) to base 11
-2551
15144 (base 7) to base 10
4197
752 (base 15) to base 3
2021012
-1415 (base 8) to base 2
-1100001101
-512 (base 15) to base 7
-3221
Convert 435 (base 8) to base 4.
10131
What is 4aa (base 11) in base 15?
2a4
10100001 (base 2) to base 9
188
What is 130 (base 6) in base 12?
46
Convert -5217 (base 13) to base 4.
-2301033
Convert -3332 (base 6) to base 5.
-11101
Convert 13422 (base 6) to base 8.
4066
What is 2400 (base 15) in base 3?
101111100
-44405 (base 8) to base 14
-6b53
-699 (base 14) to base 16
-51f
-1560 (base 13) to base 2
-110000110000
What is 4a (base 14) in base 11?
60
-512 (base 10) to base 16
-200
What is -172341 (base 8) in base 16?
-f4e1
Convert -11838 (base 9) to base 10.
-7973
Convert -1010011 (base 3) to base 10.
-814
Convert 13233 (base 4) to base 16.
1ef
What is -102102 (base 3) in base 12?
-218
1026 (base 15) to base 6
23443
Convert 20b (base 14) to base 7.
1114
Convert -1522 (base 9) to base 16.
-482
What is 3749 (base 12) in base 16?
1869
What is -610 (base 8) in base 2?
-110001000
What is -20101000 (base 3) in base 14?
-199a
Convert -341d (base 15) to base 12.
-6491
What is 363 (base 7) in base 16?
c0
-498 (base 14) to base 5
-12133
Convert 19c6 (base 15) to base 3.
21122220
1001111100001 (base 2) to base 7
20560
What is 1000010010110 (base 2) in base 9?
5737
What is -276 (base 9) in base 4?
-3213
5763 (base 8) to base 5
44214
Convert 20103 (base 6) to base 13.
1275
Convert 37446 (base 11) to base 9.
81678
15704 (base 12) to base 10
30388
What is 81 (base 10) in base 15?
56
2344410 (base 5) to base 10
43730
Convert 101331 (base 4) to base 11.
955
Convert -200b (base 12) to base 11.
-2672
Convert 100100001100110 (base 2) to base 12.
a886
10c3 (base 16) to base 12
2597
What is -33121 (base 13) in base 2?
-10110100100110110
Convert 311104 (base 6) to base 8.
60460
What is 311243 (base 5) in base 12?
5a9a
851 (base 12) to base 16
4bd
What is -431 (base 5) in base 4?
-1310
What is -235 (base 9) in base 5?
-1234
Convert 111001010110111 (base 2) to base 16.
72b7
Convert -232312 (base 4) to base 9.
-4101
What is 3922 (base 16) in base 3?
202001201
Convert -110111 (base 3) to base 4.
-11101
6e (base 15) to base 13
80
1b99 (base 12) to base 8
6545
What is -1143 (base 9) in base 10?
-849
What is -5c3 (base 14) in base 15?
-51b
Convert 13014 (base 6) to base 15.
8a4
What is -13204 (base 7) in base 2?
-110111001100
What is -13 (base 6) in base 4?
-21
What is 5660 (base 8) in base 16?
bb0
-101000101111001 (base 2) to base 8
-50571
What is -8c8 (base 15) in base 14?
-a20
What is -32003 (base 6) in base 10?
-4323
Convert 117c4 (base 13) to base 12.
166b1
What is a1a (base 16) in base 13?
123c
Convert -217 (base 8) to base 4.
-2033
What is -1350 (base 7) in base 2?
-1000001101
Convert 1101011 (base 3) to base 11.
832
-31304 (base 5) to base 14
-a87
What is 1001111001 (base 2) in base 16?
279
What is 1324 (base 6) in base 4?
11110
1136 (base 11) to base 14
787
What is 6ea (base 16) in base 13?
a62
Convert 1